{"id":3664,"date":"2026-08-21T13:56:33","date_gmt":"2026-08-21T13:56:33","guid":{"rendered":"https:\/\/ocdd.pt\/?page_id=3664"},"modified":"2026-08-21T13:56:36","modified_gmt":"2026-08-21T13:56:36","slug":"compositora-joana-mendonca","status":"publish","type":"page","link":"https:\/\/ocdd.pt\/?page_id=3664","title":{"rendered":"Compositora | Joana Mendon\u00e7a"},"content":{"rendered":"\n<div class=\"wp-block-columns is-layout-flex wp-container-core-columns-is-layout-1 wp-block-columns-is-layout-flex\">\n<div class=\"wp-block-column is-layout-flow wp-block-column-is-layout-flow\" style=\"flex-basis:33.33%\">\n<figure class=\"wp-block-image size-large\"><img decoding=\"async\" width=\"1024\" height=\"683\" src=\"https:\/\/ocdd.pt\/wp-content\/uploads\/2026\/08\/Foto_cara_curriculo-1024x683.jpg\" alt=\"\" class=\"wp-image-3665\" srcset=\"https:\/\/ocdd.pt\/wp-content\/uploads\/2026\/08\/Foto_cara_curriculo-1024x683.jpg 1024w, https:\/\/ocdd.pt\/wp-content\/uploads\/2026\/08\/Foto_cara_curriculo-300x200.jpg 300w, https:\/\/ocdd.pt\/wp-content\/uploads\/2026\/08\/Foto_cara_curriculo-768x512.jpg 768w, https:\/\/ocdd.pt\/wp-content\/uploads\/2026\/08\/Foto_cara_curriculo-1536x1024.jpg 1536w, https:\/\/ocdd.pt\/wp-content\/uploads\/2026\/08\/Foto_cara_curriculo-24x16.jpg 24w, https:\/\/ocdd.pt\/wp-content\/uploads\/2026\/08\/Foto_cara_curriculo-36x24.jpg 36w, https:\/\/ocdd.pt\/wp-content\/uploads\/2026\/08\/Foto_cara_curriculo-48x32.jpg 48w, https:\/\/ocdd.pt\/wp-content\/uploads\/2026\/08\/Foto_cara_curriculo-600x400.jpg 600w, https:\/\/ocdd.pt\/wp-content\/uploads\/2026\/08\/Foto_cara_curriculo.jpg 1920w\" sizes=\"(max-width: 1024px) 100vw, 1024px\" \/><\/figure>\n<\/div>\n\n\n\n<div class=\"wp-block-column is-layout-flow wp-block-column-is-layout-flow\" style=\"flex-basis:66.66%\">\n<p><\/p>\n\n\n\n<p>Joana Mendon\u00e7a, nascida a 14\/08\/2001, \u00e9 licenciada em Cinema pela Universidade da Beira Interior em 2022.<\/p>\n\n\n\n<p>Pratica Yoga desde 2008 e estuda artes do movimento desde 2022: DeaiDance, Butoh, Tenchi Tessen e Aikido.<\/p>\n\n\n\n<p>Fundou a OCDD Oniscidea Companhia de Dan\u00e7a, a 4 setembro de 2023, exercendo o cargo de vice-presidente da dire\u00e7\u00e3o. Participou em trinta e um espet\u00e1culos: 1 em \u00d3bidos, 1 em Almeirim, 3 em Lisboa, Sarago\u00e7a e Set\u00fabal, 18 em Santar\u00e9m e 2 em Barra Bonita, Brasil.<\/p>\n\n\n\n<p>Leciona as aulas de DeaiDance em Santar\u00e9m desde novembro de 2024.<\/p>\n\n\n\n<p>Com a sua experi\u00eancia na \u00e1rea do som para cinema, comp\u00f5e atualmente as m\u00fasicas para as novas pe\u00e7as da OCDD, como \u201cCiclos\u201d e \u201cEur\u00ednome\u201d (atualmente em desenvolvimento).<\/p>\n<\/div>\n<\/div>\n\n\n\n<div class=\"wp-block-columns is-layout-flex wp-container-core-columns-is-layout-2 wp-block-columns-is-layout-flex\">\n<div class=\"wp-block-column is-layout-flow wp-block-column-is-layout-flow\"><\/div>\n\n\n\n<div class=\"wp-block-column is-layout-flow wp-block-column-is-layout-flow\">\n<figure class=\"wp-block-embed aligncenter is-type-video is-provider-youtube wp-block-embed-youtube wp-embed-aspect-16-9 wp-has-aspect-ratio\"><div class=\"wp-block-embed__wrapper\">\n<iframe title=\"DeaiDance: da Origem \u00e0 Atualidade\" width=\"1200\" height=\"675\" src=\"https:\/\/www.youtube.com\/embed\/lHRnbPJ5iIU?feature=oembed\" frameborder=\"0\" allow=\"accelerometer; autoplay; clipboard-write; encrypted-media; gyroscope; picture-in-picture; web-share\" referrerpolicy=\"strict-origin-when-cross-origin\" allowfullscreen><\/iframe>\n<\/div><figcaption class=\"wp-element-caption\"><strong>Ver tamb\u00e9m como desenvolve o seu trabalho musical atualmente na companhia de dan\u00e7a<\/strong><\/figcaption><\/figure>\n<\/div>\n\n\n\n<div class=\"wp-block-column is-layout-flow wp-block-column-is-layout-flow\"><\/div>\n<\/div>\n","protected":false},"excerpt":{"rendered":"<p>Joana Mendon\u00e7a, nascida a 14\/08\/2001, \u00e9 licenciada em Cinema pela Universidade da Beira Interior em 2022. Pratica Yoga desde 2008 e estuda artes do movimento desde 2022: DeaiDance, Butoh, Tenchi Tessen e Aikido. Fundou a OCDD Oniscidea Companhia de Dan\u00e7a, a 4 setembro de 2023, exercendo o cargo de vice-presidente da dire\u00e7\u00e3o. Participou em trinta &#8230; <a title=\"Compositora | Joana Mendon\u00e7a\" class=\"read-more\" href=\"https:\/\/ocdd.pt\/?page_id=3664\" aria-label=\"Mais sobre Compositora | Joana Mendon\u00e7a\">Ler mais<\/a><\/p>\n","protected":false},"author":1,"featured_media":0,"parent":0,"menu_order":0,"comment_status":"closed","ping_status":"closed","template":"","meta":{"footnotes":""},"class_list":["post-3664","page","type-page","status-publish"],"yoast_head":"<!-- This site is optimized with the Yoast SEO plugin v21.8 - https:\/\/yoast.com\/wordpress\/plugins\/seo\/ -->\n<title>Compositora | Joana Mendon\u00e7a - ocdd.pt<\/title>\n<meta name=\"robots\" content=\"index, follow, max-snippet:-1, max-image-preview:large, max-video-preview:-1\" \/>\n<link rel=\"canonical\" href=\"https:\/\/ocdd.pt\/?page_id=3664\" \/>\n<meta property=\"og:locale\" content=\"pt_PT\" \/>\n<meta property=\"og:type\" content=\"article\" \/>\n<meta property=\"og:title\" content=\"Compositora | Joana Mendon\u00e7a - ocdd.pt\" \/>\n<meta property=\"og:description\" content=\"Joana Mendon\u00e7a, nascida a 14\/08\/2001, \u00e9 licenciada em Cinema pela Universidade da Beira Interior em 2022. Pratica Yoga desde 2008 e estuda artes do movimento desde 2022: DeaiDance, Butoh, Tenchi Tessen e Aikido. Fundou a OCDD Oniscidea Companhia de Dan\u00e7a, a 4 setembro de 2023, exercendo o cargo de vice-presidente da dire\u00e7\u00e3o. Participou em trinta ... Ler mais\" \/>\n<meta property=\"og:url\" content=\"https:\/\/ocdd.pt\/?page_id=3664\" \/>\n<meta property=\"og:site_name\" content=\"ocdd.pt\" \/>\n<meta property=\"article:modified_time\" content=\"2026-08-21T13:56:36+00:00\" \/>\n<meta property=\"og:image\" content=\"https:\/\/ocdd.pt\/wp-content\/uploads\/2026\/08\/Foto_cara_curriculo-1024x683.jpg\" \/>\n<meta name=\"twitter:card\" content=\"summary_large_image\" \/>\n<meta name=\"twitter:label1\" content=\"Tempo estimado de leitura\" \/>\n\t<meta name=\"twitter:data1\" content=\"1 minuto\" \/>\n<script type=\"application\/ld+json\" class=\"yoast-schema-graph\">{\"@context\":\"https:\/\/schema.org\",\"@graph\":[{\"@type\":\"WebPage\",\"@id\":\"https:\/\/ocdd.pt\/?page_id=3664\",\"url\":\"https:\/\/ocdd.pt\/?page_id=3664\",\"name\":\"Compositora | Joana Mendon\u00e7a - ocdd.pt\",\"isPartOf\":{\"@id\":\"https:\/\/ocdd.pt\/#website\"},\"datePublished\":\"2026-08-21T13:56:33+00:00\",\"dateModified\":\"2026-08-21T13:56:36+00:00\",\"breadcrumb\":{\"@id\":\"https:\/\/ocdd.pt\/?page_id=3664#breadcrumb\"},\"inLanguage\":\"pt-PT\",\"potentialAction\":[{\"@type\":\"ReadAction\",\"target\":[\"https:\/\/ocdd.pt\/?page_id=3664\"]}]},{\"@type\":\"BreadcrumbList\",\"@id\":\"https:\/\/ocdd.pt\/?page_id=3664#breadcrumb\",\"itemListElement\":[{\"@type\":\"ListItem\",\"position\":1,\"name\":\"In\u00edcio\",\"item\":\"https:\/\/ocdd.pt\/\"},{\"@type\":\"ListItem\",\"position\":2,\"name\":\"Compositora | Joana Mendon\u00e7a\"}]},{\"@type\":\"WebSite\",\"@id\":\"https:\/\/ocdd.pt\/#website\",\"url\":\"https:\/\/ocdd.pt\/\",\"name\":\"ocdd.pt\",\"description\":\"Companhia de Dan\u00e7a\",\"publisher\":{\"@id\":\"https:\/\/ocdd.pt\/#organization\"},\"potentialAction\":[{\"@type\":\"SearchAction\",\"target\":{\"@type\":\"EntryPoint\",\"urlTemplate\":\"https:\/\/ocdd.pt\/?s={search_term_string}\"},\"query-input\":\"required name=search_term_string\"}],\"inLanguage\":\"pt-PT\"},{\"@type\":\"Organization\",\"@id\":\"https:\/\/ocdd.pt\/#organization\",\"name\":\"ocdd.pt\",\"url\":\"https:\/\/ocdd.pt\/\",\"logo\":{\"@type\":\"ImageObject\",\"inLanguage\":\"pt-PT\",\"@id\":\"https:\/\/ocdd.pt\/#\/schema\/logo\/image\/\",\"url\":\"https:\/\/ocdd.pt\/wp-content\/uploads\/2026\/08\/cropped-site_cabecalho-3.png\",\"contentUrl\":\"https:\/\/ocdd.pt\/wp-content\/uploads\/2026\/08\/cropped-site_cabecalho-3.png\",\"width\":1984,\"height\":459,\"caption\":\"ocdd.pt\"},\"image\":{\"@id\":\"https:\/\/ocdd.pt\/#\/schema\/logo\/image\/\"}}]}<\/script>\n<!-- \/ Yoast SEO plugin. -->","yoast_head_json":{"title":"Compositora | Joana Mendon\u00e7a - ocdd.pt","robots":{"index":"index","follow":"follow","max-snippet":"max-snippet:-1","max-image-preview":"max-image-preview:large","max-video-preview":"max-video-preview:-1"},"canonical":"https:\/\/ocdd.pt\/?page_id=3664","og_locale":"pt_PT","og_type":"article","og_title":"Compositora | Joana Mendon\u00e7a - ocdd.pt","og_description":"Joana Mendon\u00e7a, nascida a 14\/08\/2001, \u00e9 licenciada em Cinema pela Universidade da Beira Interior em 2022. Pratica Yoga desde 2008 e estuda artes do movimento desde 2022: DeaiDance, Butoh, Tenchi Tessen e Aikido. Fundou a OCDD Oniscidea Companhia de Dan\u00e7a, a 4 setembro de 2023, exercendo o cargo de vice-presidente da dire\u00e7\u00e3o. Participou em trinta ... Ler mais","og_url":"https:\/\/ocdd.pt\/?page_id=3664","og_site_name":"ocdd.pt","article_modified_time":"2026-08-21T13:56:36+00:00","og_image":[{"url":"https:\/\/ocdd.pt\/wp-content\/uploads\/2026\/08\/Foto_cara_curriculo-1024x683.jpg"}],"twitter_card":"summary_large_image","twitter_misc":{"Tempo estimado de leitura":"1 minuto"},"schema":{"@context":"https:\/\/schema.org","@graph":[{"@type":"WebPage","@id":"https:\/\/ocdd.pt\/?page_id=3664","url":"https:\/\/ocdd.pt\/?page_id=3664","name":"Compositora | Joana Mendon\u00e7a - ocdd.pt","isPartOf":{"@id":"https:\/\/ocdd.pt\/#website"},"datePublished":"2026-08-21T13:56:33+00:00","dateModified":"2026-08-21T13:56:36+00:00","breadcrumb":{"@id":"https:\/\/ocdd.pt\/?page_id=3664#breadcrumb"},"inLanguage":"pt-PT","potentialAction":[{"@type":"ReadAction","target":["https:\/\/ocdd.pt\/?page_id=3664"]}]},{"@type":"BreadcrumbList","@id":"https:\/\/ocdd.pt\/?page_id=3664#breadcrumb","itemListElement":[{"@type":"ListItem","position":1,"name":"In\u00edcio","item":"https:\/\/ocdd.pt\/"},{"@type":"ListItem","position":2,"name":"Compositora | Joana Mendon\u00e7a"}]},{"@type":"WebSite","@id":"https:\/\/ocdd.pt\/#website","url":"https:\/\/ocdd.pt\/","name":"ocdd.pt","description":"Companhia de Dan\u00e7a","publisher":{"@id":"https:\/\/ocdd.pt\/#organization"},"potentialAction":[{"@type":"SearchAction","target":{"@type":"EntryPoint","urlTemplate":"https:\/\/ocdd.pt\/?s={search_term_string}"},"query-input":"required name=search_term_string"}],"inLanguage":"pt-PT"},{"@type":"Organization","@id":"https:\/\/ocdd.pt\/#organization","name":"ocdd.pt","url":"https:\/\/ocdd.pt\/","logo":{"@type":"ImageObject","inLanguage":"pt-PT","@id":"https:\/\/ocdd.pt\/#\/schema\/logo\/image\/","url":"https:\/\/ocdd.pt\/wp-content\/uploads\/2026\/08\/cropped-site_cabecalho-3.png","contentUrl":"https:\/\/ocdd.pt\/wp-content\/uploads\/2026\/08\/cropped-site_cabecalho-3.png","width":1984,"height":459,"caption":"ocdd.pt"},"image":{"@id":"https:\/\/ocdd.pt\/#\/schema\/logo\/image\/"}}]}},"jetpack_sharing_enabled":true,"_links":{"self":[{"href":"https:\/\/ocdd.pt\/index.php?rest_route=\/wp\/v2\/pages\/3664","targetHints":{"allow":["GET"]}}],"collection":[{"href":"https:\/\/ocdd.pt\/index.php?rest_route=\/wp\/v2\/pages"}],"about":[{"href":"https:\/\/ocdd.pt\/index.php?rest_route=\/wp\/v2\/types\/page"}],"author":[{"embeddable":true,"href":"https:\/\/ocdd.pt\/index.php?rest_route=\/wp\/v2\/users\/1"}],"replies":[{"embeddable":true,"href":"https:\/\/ocdd.pt\/index.php?rest_route=%2Fwp%2Fv2%2Fcomments&post=3664"}],"version-history":[{"count":1,"href":"https:\/\/ocdd.pt\/index.php?rest_route=\/wp\/v2\/pages\/3664\/revisions"}],"predecessor-version":[{"id":3666,"href":"https:\/\/ocdd.pt\/index.php?rest_route=\/wp\/v2\/pages\/3664\/revisions\/3666"}],"wp:attachment":[{"href":"https:\/\/ocdd.pt\/index.php?rest_route=%2Fwp%2Fv2%2Fmedia&parent=3664"}],"curies":[{"name":"wp","href":"https:\/\/api.w.org\/{rel}","templated":true}]}}

Compositora | Joana Mendonça

<div class="wp-block-columns is-layout-flex wp-container-core-columns-is-layout-1 wp-block-columns-is-layout-flex">
<div class="wp-block-column is-layout-flow wp-block-column-is-layout-flow" style="flex-basis:33.33%">
<figure class="wp-block-image size-large"><img decoding="async" width="1024" height="683" src="https://ocdd.pt/wp-content/uploads/2026/08/Foto_cara_curriculo-1024x683.jpg" alt="" class="wp-image-3665" srcset="https://ocdd.pt/wp-content/uploads/2026/08/Foto_cara_curriculo-1024x683.jpg 1024w, https://ocdd.pt/wp-content/uploads/2026/08/Foto_cara_curriculo-300x200.jpg 300w, https://ocdd.pt/wp-content/uploads/2026/08/Foto_cara_curriculo-768x512.jpg 768w, https://ocdd.pt/wp-content/uploads/2026/08/Foto_cara_curriculo-1536x1024.jpg 1536w, https://ocdd.pt/wp-content/uploads/2026/08/Foto_cara_curriculo-24x16.jpg 24w, https://ocdd.pt/wp-content/uploads/2026/08/Foto_cara_curriculo-36x24.jpg 36w, https://ocdd.pt/wp-content/uploads/2026/08/Foto_cara_curriculo-48x32.jpg 48w, https://ocdd.pt/wp-content/uploads/2026/08/Foto_cara_curriculo-600x400.jpg 600w, https://ocdd.pt/wp-content/uploads/2026/08/Foto_cara_curriculo.jpg 1920w" sizes="(max-width: 1024px) 100vw, 1024px" /></figure>
</div>



<div class="wp-block-column is-layout-flow wp-block-column-is-layout-flow" style="flex-basis:66.66%">
<p></p>



<p>Joana Mendonça, nascida a 14/08/2001, é licenciada em Cinema pela Universidade da Beira Interior em 2022.</p>



<p>Pratica Yoga desde 2008 e estuda artes do movimento desde 2022: DeaiDance, Butoh, Tenchi Tessen e Aikido.</p>



<p>Fundou a OCDD Oniscidea Companhia de Dança, a 4 setembro de 2023, exercendo o cargo de vice-presidente da direção. Participou em trinta e um espetáculos: 1 em Óbidos, 1 em Almeirim, 3 em Lisboa, Saragoça e Setúbal, 18 em Santarém e 2 em Barra Bonita, Brasil.</p>



<p>Leciona as aulas de DeaiDance em Santarém desde novembro de 2024.</p>



<p>Com a sua experiência na área do som para cinema, compõe atualmente as músicas para as novas peças da OCDD, como “Ciclos” e “Eurínome” (atualmente em desenvolvimento).</p>
</div>
</div>



<div class="wp-block-columns is-layout-flex wp-container-core-columns-is-layout-2 wp-block-columns-is-layout-flex">
<div class="wp-block-column is-layout-flow wp-block-column-is-layout-flow"></div>



<div class="wp-block-column is-layout-flow wp-block-column-is-layout-flow">
<figure class="wp-block-embed aligncenter is-type-video is-provider-youtube wp-block-embed-youtube wp-embed-aspect-16-9 wp-has-aspect-ratio"><div class="wp-block-embed__wrapper">
<iframe title="DeaiDance: da Origem à Atualidade" width="1200" height="675" src="https://www.youtube.com/embed/lHRnbPJ5iIU?feature=oembed" frameborder="0" allow="accelerometer; autoplay; clipboard-write; encrypted-media; gyroscope; picture-in-picture; web-share" referrerpolicy="strict-origin-when-cross-origin" allowfullscreen></iframe>
</div><figcaption class="wp-element-caption"><strong>Ver também como desenvolve o seu trabalho musical atualmente na companhia de dança</strong></figcaption></figure>
</div>



<div class="wp-block-column is-layout-flow wp-block-column-is-layout-flow"></div>
</div>

<p>Joana Mendonça, nascida a 14/08/2001, é licenciada em Cinema pela Universidade da Beira Interior em 2022. Pratica Yoga desde 2008 e estuda artes do movimento desde 2022: DeaiDance, Butoh, Tenchi Tessen e Aikido. Fundou a OCDD Oniscidea Companhia de Dança, a 4 setembro de 2023, exercendo o cargo de vice-presidente da direção. Participou em trinta &#8230; <a title="Compositora | Joana Mendonça" class="read-more" href="https://ocdd.pt/?page_id=3664" aria-label="Mais sobre Compositora | Joana Mendonça">Ler mais</a></p>

<!-- This site is optimized with the Yoast SEO plugin v21.8 - https://yoast.com/wordpress/plugins/seo/ -->
<title>Compositora | Joana Mendonça - ocdd.pt</title>
<meta name="robots" content="index, follow, max-snippet:-1, max-image-preview:large, max-video-preview:-1" />
<link rel="canonical" href="https://ocdd.pt/?page_id=3664" />
<meta property="og:locale" content="pt_PT" />
<meta property="og:type" content="article" />
<meta property="og:title" content="Compositora | Joana Mendonça - ocdd.pt" />
<meta property="og:description" content="Joana Mendonça, nascida a 14/08/2001, é licenciada em Cinema pela Universidade da Beira Interior em 2022. Pratica Yoga desde 2008 e estuda artes do movimento desde 2022: DeaiDance, Butoh, Tenchi Tessen e Aikido. Fundou a OCDD Oniscidea Companhia de Dança, a 4 setembro de 2023, exercendo o cargo de vice-presidente da direção. Participou em trinta ... Ler mais" />
<meta property="og:url" content="https://ocdd.pt/?page_id=3664" />
<meta property="og:site_name" content="ocdd.pt" />
<meta property="article:modified_time" content="2026-08-21T13:56:36+00:00" />
<meta property="og:image" content="https://ocdd.pt/wp-content/uploads/2026/08/Foto_cara_curriculo-1024x683.jpg" />
<meta name="twitter:card" content="summary_large_image" />
<meta name="twitter:label1" content="Tempo estimado de leitura" />
	<meta name="twitter:data1" content="1 minuto" />
<script type="application/ld+json" class="yoast-schema-graph">{"@context":"https://schema.org","@graph":[{"@type":"WebPage","@id":"https://ocdd.pt/?page_id=3664","url":"https://ocdd.pt/?page_id=3664","name":"Compositora | Joana Mendonça - ocdd.pt","isPartOf":{"@id":"https://ocdd.pt/#website"},"datePublished":"2026-08-21T13:56:33+00:00","dateModified":"2026-08-21T13:56:36+00:00","breadcrumb":{"@id":"https://ocdd.pt/?page_id=3664#breadcrumb"},"inLanguage":"pt-PT","potentialAction":[{"@type":"ReadAction","target":["https://ocdd.pt/?page_id=3664"]}]},{"@type":"BreadcrumbList","@id":"https://ocdd.pt/?page_id=3664#breadcrumb","itemListElement":[{"@type":"ListItem","position":1,"name":"Início","item":"https://ocdd.pt/"},{"@type":"ListItem","position":2,"name":"Compositora | Joana Mendonça"}]},{"@type":"WebSite","@id":"https://ocdd.pt/#website","url":"https://ocdd.pt/","name":"ocdd.pt","description":"Companhia de Dança","publisher":{"@id":"https://ocdd.pt/#organization"},"potentialAction":[{"@type":"SearchAction","target":{"@type":"EntryPoint","urlTemplate":"https://ocdd.pt/?s={search_term_string}"},"query-input":"required name=search_term_string"}],"inLanguage":"pt-PT"},{"@type":"Organization","@id":"https://ocdd.pt/#organization","name":"ocdd.pt","url":"https://ocdd.pt/","logo":{"@type":"ImageObject","inLanguage":"pt-PT","@id":"https://ocdd.pt/#/schema/logo/image/","url":"https://ocdd.pt/wp-content/uploads/2026/08/cropped-site_cabecalho-3.png","contentUrl":"https://ocdd.pt/wp-content/uploads/2026/08/cropped-site_cabecalho-3.png","width":1984,"height":459,"caption":"ocdd.pt"},"image":{"@id":"https://ocdd.pt/#/schema/logo/image/"}}]}</script>
<!-- / Yoast SEO plugin. -->

Compositora | Joana Mendonça - ocdd.pt

Joana Mendonça, nascida a 14/08/2001, é licenciada em Cinema pela Universidade da Beira Interior em 2022. Pratica Yoga desde 2008 e estuda artes do movimento desde 2022: DeaiDance, Butoh, Tenchi Tessen e Aikido. Fundou a OCDD Oniscidea Companhia de Dança, a 4 setembro de 2023, exercendo o cargo de vice-presidente da direção. Participou em trinta ... Ler mais

Início

Companhia de Dança
